{"id":394,"date":"2024-09-16T17:16:18","date_gmt":"2024-09-16T14:16:18","guid":{"rendered":"https:\/\/lobbyingeu.kopenaccess.gr\/?page_id=394"},"modified":"2025-01-28T22:48:12","modified_gmt":"2025-01-28T19:48:12","slug":"arithmitiki_schesis_lobby_thesmon","status":"publish","type":"page","link":"https:\/\/lobbyingeu.kopenaccess.gr\/index.php\/arithmitiki_schesis_lobby_thesmon\/","title":{"rendered":"\u0397 \u03b1\u03c1\u03b9\u03b8\u03bc\u03b7\u03c4\u03b9\u03ba\u03ae \u03c4\u03b7\u03c2 \u03c3\u03c7\u03ad\u03c3\u03b7\u03c2 \u03c4\u03c9\u03bd \u03bb\u03cc\u03bc\u03c0\u03b9 \u03bc\u03b5 \u03c4\u03bf\u03c5\u03c2 \u03b8\u03b5\u03c3\u03bc\u03bf\u03cd\u03c2 \u03c4\u03b7\u03c2 \u0395\u0395"},"content":{"rendered":"<p>[et_pb_section fb_built=&#8221;1&#8243; admin_label=&#8221;section&#8221; _builder_version=&#8221;4.16&#8243; width=&#8221;100%&#8221; custom_padding=&#8221;|||0px||&#8221; da_disable_devices=&#8221;off|off|off&#8221; global_colors_info=&#8221;{}&#8221; da_is_popup=&#8221;off&#8221; da_exit_intent=&#8221;off&#8221; da_has_close=&#8221;on&#8221; da_alt_close=&#8221;off&#8221; da_dark_close=&#8221;off&#8221; da_not_modal=&#8221;on&#8221; da_is_singular=&#8221;off&#8221; da_with_loader=&#8221;off&#8221; da_has_shadow=&#8221;on&#8221;][et_pb_row admin_label=&#8221;row&#8221; _builder_version=&#8221;4.20.2&#8243; background_size=&#8221;initial&#8221; background_position=&#8221;top_left&#8221; background_repeat=&#8221;repeat&#8221; global_colors_info=&#8221;{}&#8221;][et_pb_column type=&#8221;4_4&#8243; _builder_version=&#8221;4.16&#8243; custom_padding=&#8221;|||&#8221; global_colors_info=&#8221;{}&#8221; custom_padding__hover=&#8221;|||&#8221;][et_pb_slider show_arrows=&#8221;off&#8221; show_pagination=&#8221;off&#8221; use_bg_overlay=&#8221;off&#8221; use_text_overlay=&#8221;off&#8221; _builder_version=&#8221;4.20.2&#8243; _module_preset=&#8221;default&#8221; header_text_color=&#8221;#000000&#8243; header_font_size=&#8221;35px&#8221; background_color=&#8221;#DDCBA8&#8243; custom_padding=&#8221;42px||35px|||&#8221; auto=&#8221;on&#8221; auto_speed=&#8221;5000&#8243; global_colors_info=&#8221;{}&#8221;][et_pb_slide heading=&#8221;\u0397 \u03b1\u03c1\u03b9\u03b8\u03bc\u03b7\u03c4\u03b9\u03ba\u03ae \u03c4\u03b7\u03c2 \u03c3\u03c7\u03ad\u03c3\u03b7\u03c2 \u03c4\u03c9\u03bd \u03bb\u03cc\u03bc\u03c0\u03b9 \u03bc\u03b5 \u03c4\u03bf\u03c5 \u03b8\u03b5\u03c3\u03bc\u03bf\u03cd\u03c2 \u03c4\u03b7\u03c2 \u0395\u0395&#8221; _builder_version=&#8221;4.20.2&#8243; _module_preset=&#8221;default&#8221; header_font_size=&#8221;31px&#8221; global_colors_info=&#8221;{}&#8221; sticky_transition=&#8221;on&#8221;][\/et_pb_slide][\/et_pb_slider][et_pb_text _builder_version=&#8221;4.27.4&#8243; _module_preset=&#8221;default&#8221; text_font=&#8221;||||||||&#8221; text_font_size=&#8221;18px&#8221; hover_enabled=&#8221;0&#8243; global_colors_info=&#8221;{}&#8221; sticky_enabled=&#8221;0&#8243;]<\/p>\n<p>H \u03c0\u03bf\u03bb\u03b9\u03c4\u03b9\u03ba\u03ae \u03ba\u03bf\u03b9\u03bd\u03c9\u03bd\u03b9\u03bf\u03bb\u03cc\u03b3\u03bf\u03c2 H\u00e9l\u00e8ne Michel \u03ad\u03c7\u03b5\u03b9 \u03c7\u03b1\u03c1\u03b1\u03ba\u03c4\u03b7\u03c1\u03af\u03c3\u03b5\u03b9 \u03c4\u03bf\u03c5\u03c2 \u03b5\u03ba\u03c0\u03c1\u03bf\u03c3\u03ce\u03c0\u03bf\u03c5\u03c2 \u03c3\u03c5\u03bc\u03c6\u03b5\u03c1\u03cc\u03bd\u03c4\u03c9\u03bd \u03c9\u03c2 \u03b5\u03c0\u03b9\u03ba\u03bf\u03c5\u03c1\u03b9\u03ba\u03cc \u03c0\u03c1\u03bf\u03c3\u03c9\u03c0\u03b9\u03ba\u03cc \u03c4\u03c9\u03bd \u03b5\u03c5\u03c1\u03c9\u03c0\u03b1\u03ca\u03ba\u03ce\u03bd \u03b8\u03b5\u03c3\u03bc\u03ce\u03bd (\u00ab<em>auxiliaires de l&#8217;Europe politique<\/em>\u00bb).<a href=\"#_ftn1\" name=\"_ftnref1\"><span>[1]<\/span><\/a> \u039f \u03ba\u03b5\u03bd\u03c4\u03c1\u03b9\u03ba\u03cc\u03c2 \u03c1\u03cc\u03bb\u03bf\u03c2 \u03c0\u03bf\u03c5 \u03ba\u03b1\u03c4\u03b1\u03bb\u03b1\u03bc\u03b2\u03ac\u03bd\u03bf\u03c5\u03bd \u03bf\u03b9 \u03b4\u03b9\u03b1\u03b2\u03bf\u03c5\u03bb\u03b5\u03cd\u03c3\u03b5\u03b9\u03c2 \u03c3\u03c4\u03b7 \u03b4\u03b9\u03b1\u03b4\u03b9\u03ba\u03b1\u03c3\u03af\u03b1 \u03c3\u03cd\u03bd\u03c4\u03b1\u03be\u03b7\u03c2 \u03ba\u03b1\u03b9 \u03b4\u03b9\u03b1\u03c0\u03c1\u03b1\u03b3\u03bc\u03ac\u03c4\u03b5\u03c5\u03c3\u03b7\u03c2 \u03c4\u03b7\u03c2 \u03b5\u03c5\u03c1\u03c9\u03c0\u03b1\u03ca\u03ba\u03ae\u03c2 \u03bd\u03bf\u03bc\u03bf\u03b8\u03b5\u03c3\u03af\u03b1\u03c2 \u03ba\u03ac\u03bd\u03b5\u03b9 \u03b4\u03cd\u03c3\u03ba\u03bf\u03bb\u03bf \u03bd\u03b1 \u03c6\u03b1\u03bd\u03c4\u03b1\u03c3\u03c4\u03b5\u03af \u03ba\u03b1\u03bd\u03b5\u03af\u03c2 \u03c4\u03b7 \u03bb\u03b5\u03b9\u03c4\u03bf\u03c5\u03c1\u03b3\u03af\u03b1 \u03c4\u03b7\u03c2 \u0395\u0395 \u03c3\u03c4\u03b7\u03bd \u03c0\u03c1\u03ac\u03be\u03b7 \u03c7\u03c9\u03c1\u03af\u03c2 \u03c4\u03bf\u03c5\u03c2 \u03bb\u03bf\u03bc\u03c0\u03af\u03c3\u03c4\u03b5\u03c2.<\/p>\n<p>\u039f \u03c0\u03b1\u03c1\u03b1\u03ba\u03ac\u03c4\u03c9 \u03c0\u03af\u03bd\u03b1\u03ba\u03b1\u03c2 \u03bc\u03b1\u03c2 \u03b2\u03bf\u03b7\u03b8\u03ac \u03bd\u03b1 \u03ba\u03b1\u03c4\u03b1\u03bb\u03ac\u03b2\u03bf\u03c5\u03bc\u03b5 \u03cc\u03c4\u03b9 \u03c4\u03bf \u03b1\u03bd\u03b8\u03c1\u03ce\u03c0\u03b9\u03bd\u03bf \u03b4\u03c5\u03bd\u03b1\u03bc\u03b9\u03ba\u03cc \u03c4\u03c9\u03bd \u03bf\u03bc\u03ac\u03b4\u03c9\u03bd \u03c3\u03c5\u03bc\u03c6\u03b5\u03c1\u03cc\u03bd\u03c4\u03c9\u03bd \u03b5\u03af\u03bd\u03b1\u03b9 \u03b5\u03bd\u03c4\u03b5\u03bb\u03ce\u03c2 \u03c3\u03c5\u03b3\u03ba\u03c1\u03af\u03c3\u03b9\u03bc\u03bf \u03bc\u03b5 \u03c4\u03bf \u03b1\u03bd\u03b8\u03c1\u03ce\u03c0\u03b9\u03bd\u03bf \u03b4\u03c5\u03bd\u03b1\u03bc\u03b9\u03ba\u03cc \u03c4\u03c9\u03bd \u03b8\u03b5\u03c3\u03bc\u03ce\u03bd \u03c4\u03b7\u03c2 \u0395\u0395:<\/p>\n<p><img loading=\"lazy\" decoding=\"async\" src=\"https:\/\/lobbyingeu.kopenaccess.gr\/wp-content\/uploads\/2024\/12\/pinakas_2.webp\" width=\"585\" height=\"413\" alt=\"\" class=\"wp-image-798 aligncenter size-large\" srcset=\"https:\/\/lobbyingeu.kopenaccess.gr\/wp-content\/uploads\/2024\/12\/pinakas_2.webp 585w, https:\/\/lobbyingeu.kopenaccess.gr\/wp-content\/uploads\/2024\/12\/pinakas_2-480x339.webp 480w\" sizes=\"(min-width: 0px) and (max-width: 480px) 480px, (min-width: 481px) 585px, 100vw\" \/><\/p>\n<p>\u039c\u03b5 \u03c4\u03bf\u03bd \u03c0\u03af\u03bd\u03b1\u03ba\u03b1 \u03b1\u03c5\u03c4\u03cc\u03bd \u03b2\u03bb\u03ad\u03c0\u03bf\u03c5\u03bc\u03b5 \u03cc\u03c4\u03b9 \u03b3\u03b9\u03b1 \u03ba\u03ac\u03b8\u03b5 \u03b4\u03cd\u03bf \u03c5\u03c0\u03b1\u03bb\u03bb\u03ae\u03bb\u03bf\u03c5\u03c2 \u03ae \u03b1\u03be\u03b9\u03c9\u03bc\u03b1\u03c4\u03bf\u03cd\u03c7\u03bf\u03c5\u03c2 \u03c4\u03b7\u03c2 \u0395\u0395 \u03c3\u03c4\u03b9\u03c2 \u0392\u03c1\u03c5\u03be\u03ad\u03bb\u03bb\u03b5\u03c2 \u03c5\u03c0\u03ac\u03c1\u03c7\u03b5\u03b9 \u03ad\u03bd\u03b1\u03c2 \u03bb\u03bf\u03bc\u03c0\u03af\u03c3\u03c4\u03b1\u03c2. \u03a3\u03c5\u03bd\u03bf\u03bb\u03b9\u03ba\u03ac, \u03c5\u03c0\u03ac\u03c1\u03c7\u03bf\u03c5\u03bd \u03c4\u03ad\u03c3\u03c3\u03b5\u03c1\u03b9\u03c2 \u03c0\u03b5\u03c1\u03af\u03c0\u03bf\u03c5 \u03bb\u03bf\u03bc\u03c0\u03af\u03c3\u03c4\u03b5\u03c2 \u03b3\u03b9\u03b1 \u03ba\u03ac\u03b8\u03b5 \u03b4\u03ad\u03ba\u03b1 \u03c5\u03c0\u03b1\u03bb\u03bb\u03ae\u03bb\u03bf\u03c5\u03c2 \u03ae \u03b1\u03be\u03b9\u03c9\u03bc\u03b1\u03c4\u03bf\u03cd\u03c7\u03bf\u03c5\u03c2 \u03c4\u03b7\u03c2 \u0395\u0395.<\/p>\n<p>\u0397 \u03c3\u03c5\u03c3\u03c7\u03ad\u03c4\u03b9\u03c3\u03b7 \u03b1\u03c5\u03c4\u03ce\u03bd \u03c4\u03c9\u03bd \u03b1\u03c1\u03b9\u03b8\u03bc\u03ce\u03bd \u03b4\u03b5\u03bd \u03b5\u03af\u03bd\u03b1\u03b9 \u03cc\u03bc\u03c9\u03c2 \u03b1\u03c1\u03ba\u03b5\u03c4\u03ae \u03b3\u03b9\u03b1 \u03bd\u03b1 \u03ba\u03b1\u03c4\u03b1\u03bd\u03bf\u03ae\u03c3\u03bf\u03c5\u03bc\u03b5 \u03c4\u03bf \u03c0\u03bb\u03b1\u03af\u03c3\u03b9\u03bf \u03c4\u03b7\u03c2 \u03c3\u03c7\u03ad\u03c3\u03b7\u03c2 \u03b5\u03c1\u03b3\u03b1\u03c3\u03af\u03b1\u03c2 \u03b1\u03bd\u03ac\u03bc\u03b5\u03c3\u03b1 \u03c4\u03bf\u03c5\u03c2 \u03c5\u03c0\u03b1\u03bb\u03bb\u03ae\u03bb\u03bf\u03c5\u03c2 \u03ba\u03b1\u03b9 \u03b1\u03be\u03b9\u03c9\u03bc\u03b1\u03c4\u03bf\u03cd\u03c7\u03bf\u03c5\u03c2 \u03c4\u03b7\u03c2 \u0395\u0395 \u03ba\u03b1\u03b9 \u03c3\u03c4\u03bf\u03c5\u03c2 \u03b5\u03ba\u03c0\u03c1\u03bf\u03c3\u03ce\u03c0\u03bf\u03c5\u03c2 \u03c3\u03c5\u03bc\u03c6\u03b5\u03c1\u03cc\u03bd\u03c4\u03c9\u03bd. \u0393\u03b9\u03b1 \u03bd\u03b1 \u03c4\u03bf \u03ba\u03ac\u03bd\u03bf\u03c5\u03bc\u03b5 \u03b1\u03c5\u03c4\u03cc \u03b8\u03b1 \u03c0\u03c1\u03ad\u03c0\u03b5\u03b9 \u03bd\u03b1 \u03b4\u03bf\u03cd\u03bc\u03b5 \u03c0\u03cc\u03c3\u03bf\u03b9 \u03b5\u03c1\u03b3\u03ac\u03b6\u03bf\u03bd\u03c4\u03b1\u03b9 \u03c0\u03ac\u03bd\u03c9 \u03c3\u03c4\u03bf \u03c3\u03c7\u03b5\u03b4\u03b9\u03b1\u03c3\u03bc\u03cc \u03ba\u03b1\u03b9 \u03c4\u03bf \u03c0\u03b5\u03c1\u03b9\u03b5\u03c7\u03cc\u03bc\u03b5\u03bd\u03bf \u03c4\u03b7\u03c2 \u03b5\u03c5\u03c1\u03c9\u03c0\u03b1\u03ca\u03ba\u03ae\u03c2 \u03bd\u03bf\u03bc\u03bf\u03b8\u03b5\u03c3\u03af\u03b1\u03c2 \u03ba\u03b1\u03b9 \u03c4\u03c9\u03bd \u03c0\u03bf\u03bb\u03b9\u03c4\u03b9\u03ba\u03ce\u03bd \u03c4\u03b7\u03c2 \u0395\u0395. \u0397 \u03c4\u03b5\u03bb\u03b5\u03c5\u03c4\u03b1\u03af\u03b1 \u03b1\u03c0\u03b1\u03c3\u03c7\u03bf\u03bb\u03b5\u03af \u03c4\u03b5\u03c1\u03ac\u03c3\u03c4\u03b9\u03b1 \u03bd\u03bf\u03cd\u03bc\u03b5\u03c1\u03b1 \u03b2\u03bf\u03b7\u03b8\u03b7\u03c4\u03b9\u03ba\u03bf\u03cd \u03c0\u03c1\u03bf\u03c3\u03c9\u03c0\u03b9\u03ba\u03bf\u03cd (\u03b3\u03c1\u03b1\u03bc\u03bc\u03b1\u03c4\u03b5\u03b9\u03b1\u03ba\u03ae \u03c5\u03c0\u03bf\u03c3\u03c4\u03ae\u03c1\u03b9\u03be\u03b7, \u03b4\u03b9\u03b1\u03c7\u03b5\u03af\u03c1\u03b9\u03c3\u03b7 \u03b1\u03bd\u03b8\u03c1\u03ce\u03c0\u03b9\u03bd\u03bf\u03c5 \u03b4\u03c5\u03bd\u03b1\u03bc\u03b9\u03ba\u03bf\u03cd, \u03c0\u03bb\u03b7\u03c1\u03bf\u03c6\u03bf\u03c1\u03b9\u03b1\u03ba\u03ae \u03ba\u03b1\u03b9 \u03ba\u03c4\u03b9\u03c1\u03b9\u03b1\u03ba\u03ae \u03c5\u03c0\u03bf\u03b4\u03bf\u03bc\u03ae, \u03b5\u03c0\u03b9\u03ba\u03bf\u03b9\u03bd\u03c9\u03bd\u03af\u03b1, \u03c0\u03c1\u03bf\u03c3\u03c9\u03c0\u03b9\u03ba\u03cc \u03b1\u03c3\u03c6\u03ac\u03bb\u03b5\u03b9\u03b1\u03c2, \u03ba\u03b1\u03b8\u03b1\u03c1\u03b9\u03cc\u03c4\u03b7\u03c4\u03b1\u03c2 \u03ba\u03b1\u03b9 \u03c3\u03af\u03c4\u03b9\u03c3\u03b7\u03c2 \u03ba\u03b1.). \u03a3\u03c4\u03b1 \u03bb\u03cc\u03bc\u03c0\u03b9 \u03ba\u03ac\u03c4\u03b9 \u03c4\u03ad\u03c4\u03bf\u03b9\u03bf \u03b9\u03c3\u03c7\u03cd\u03b5\u03b9 \u03c3\u03b5 \u03c0\u03bf\u03bb\u03cd \u03bc\u03b9\u03ba\u03c1\u03cc\u03c4\u03b5\u03c1\u03bf \u03b2\u03b1\u03b8\u03bc\u03cc (\u03b3\u03b9\u03b1 \u03c4\u03b7 \u03bc\u03b5\u03b3\u03ac\u03bb\u03b7 \u03c0\u03bb\u03b5\u03b9\u03bf\u03c8\u03b7\u03c6\u03af\u03b1 \u03c4\u03c9\u03bd \u03bf\u03c1\u03b3\u03b1\u03bd\u03ce\u03c3\u03b5\u03c9\u03bd \u03b4\u03b5\u03bd \u03b9\u03c3\u03c7\u03cd\u03b5\u03b9 \u03ba\u03b1\u03b8\u03cc\u03bb\u03bf\u03c5) \u03ba\u03b1\u03b9 \u03c3\u03b5 \u03ba\u03ac\u03b8\u03b5 \u03c0\u03b5\u03c1\u03af\u03c0\u03c4\u03c9\u03c3\u03b7 \u03bf\u03b9 \u03bf\u03c1\u03b3\u03b1\u03bd\u03ce\u03c3\u03b5\u03b9\u03c2 \u03b4\u03b7\u03bb\u03ce\u03bd\u03bf\u03c5\u03bd \u03bc\u03cc\u03bd\u03bf \u03c4\u03bf\u03c5\u03c2 \u03bb\u03bf\u03bc\u03c0\u03af\u03c3\u03c4\u03b5\u03c2 \u03c4\u03bf\u03c5\u03c2 \u03ba\u03b1\u03b9 \u03cc\u03c7\u03b9 \u03c4\u03bf \u03c3\u03c5\u03bd\u03bf\u03bb\u03b9\u03ba\u03cc \u03c0\u03c1\u03bf\u03c3\u03c9\u03c0\u03b9\u03ba\u03cc \u03c4\u03bf\u03c5\u03c2 \u03c3\u03c4\u03bf \u039c\u03b7\u03c4\u03c1\u03ce\u03bf, \u03bc\u03b5 \u03b2\u03ac\u03c3\u03b7 \u03c4\u03bf \u03bf\u03c0\u03bf\u03af\u03bf \u03ad\u03c7\u03b5\u03b9 \u03b3\u03af\u03bd\u03b5\u03b9 \u03c4\u03bf \u03c0\u03b1\u03c1\u03b1\u03c0\u03ac\u03bd\u03c9 \u03bc\u03ad\u03c4\u03c1\u03b7\u03bc\u03b1.<\/p>\n<p>\u03a3\u03c4\u03b7\u03bd \u0395\u03c5\u03c1\u03c9\u03c0\u03b1\u03ca\u03ba\u03ae \u0395\u03c0\u03b9\u03c4\u03c1\u03bf\u03c0\u03ae, \u03c1\u03cc\u03bb\u03bf \u03c3\u03c4\u03bf \u03c3\u03c7\u03b5\u03b4\u03b9\u03b1\u03c3\u03bc\u03cc \u03ba\u03b1\u03b9 \u03c4\u03bf \u03c0\u03b5\u03c1\u03b9\u03b5\u03c7\u03cc\u03bc\u03b5\u03bd\u03bf \u03c4\u03b7\u03c2 \u03b5\u03c5\u03c1\u03c9\u03c0\u03b1\u03ca\u03ba\u03ae\u03c2 \u03bd\u03bf\u03bc\u03bf\u03b8\u03b5\u03c3\u03af\u03b1\u03c2 \u03ba\u03b1\u03b9 \u03c4\u03c9\u03bd \u03c0\u03bf\u03bb\u03b9\u03c4\u03b9\u03ba\u03ce\u03bd \u03c4\u03b7\u03c2 \u0395\u0395 \u03ad\u03c7\u03bf\u03c5\u03bd\u03b5 \u03bc\u03cc\u03bd\u03bf \u03cc\u03c3\u03bf\u03b9 \u03ad\u03c7\u03bf\u03c5\u03bd \u03b2\u03b1\u03b8\u03bc\u03cc \u00abAD\u00bb \u03ae\u00a0\u00abmanager\u00bb<a href=\"#_ftn2\" name=\"_ftnref2\"><span>[2]<\/span><\/a>, \u03b4\u03b7\u03bb\u03b1\u03b4\u03ae 14.430 \u03ac\u03bd\u03b8\u03c1\u03c9\u03c0\u03bf\u03b9 \u03ae \u03c4\u03bf 45% \u03c4\u03bf\u03c5 \u03c3\u03c5\u03bd\u03bf\u03bb\u03b9\u03ba\u03bf\u03cd \u03c4\u03b7\u03c2 \u03c0\u03c1\u03bf\u03c3\u03c9\u03c0\u03b9\u03ba\u03bf\u03cd. \u0393\u03b9\u03b1 \u03c4\u03bf\u03c5\u03c2 \u03c5\u03c0\u03cc\u03bb\u03bf\u03b9\u03c0\u03bf\u03c5\u03c2 \u03b8\u03b5\u03c3\u03bc\u03bf\u03cd\u03c2 \u03c4\u03b7\u03c2 \u0395\u0395 \u03b4\u03b5 \u03b4\u03b7\u03bc\u03bf\u03c3\u03b9\u03b5\u03cd\u03bf\u03bd\u03c4\u03b1\u03b9 \u03c4\u03cc\u03c3\u03bf \u03bb\u03b5\u03c0\u03c4\u03bf\u03bc\u03b5\u03c1\u03b5\u03b9\u03b1\u03ba\u03ac \u03c3\u03c4\u03bf\u03b9\u03c7\u03b5\u03af\u03b1. \u0391\u03bd \u03cc\u03bc\u03c9\u03c2 \u03ba\u03ac\u03bd\u03bf\u03c5\u03bc\u03b5 \u03c0\u03c1\u03bf\u03b2\u03bf\u03bb\u03ae \u03c4\u03bf\u03c5 \u03c0\u03bf\u03c3\u03bf\u03c3\u03c4\u03bf\u03cd \u03c4\u03b7\u03c2 \u039a\u03bf\u03bc\u03b9\u03c3\u03b9\u03cc\u03bd (45%) \u03b5\u03c0\u03af \u03c4\u03bf\u03c5 \u03c3\u03c5\u03bd\u03bf\u03bb\u03b9\u03ba\u03bf\u03cd \u03c0\u03c1\u03bf\u03c3\u03c9\u03c0\u03b9\u03ba\u03bf\u03cd \u03c4\u03b7\u03c2 \u0395\u0395, \u03c6\u03c4\u03ac\u03bd\u03bf\u03c5\u03bc\u03b5 \u03c3\u03c4\u03b7\u03bd \u03b5\u03ba\u03c4\u03af\u03bc\u03b7\u03c3\u03b7 \u03cc\u03c4\u03b9 \u03c0\u03b5\u03c1\u03af\u03c0\u03bf\u03c5 27.900 \u03c5\u03c0\u03ac\u03bb\u03bb\u03b7\u03bb\u03bf\u03b9 \u03ba\u03b1\u03b9 \u03b1\u03be\u03b9\u03c9\u03bc\u03b1\u03c4\u03bf\u03cd\u03c7\u03bf\u03b9 \u03c4\u03b7\u03c2 \u0395\u0395 \u03b5\u03c1\u03b3\u03ac\u03b6\u03bf\u03bd\u03c4\u03b1\u03b9 \u03c0\u03ac\u03bd\u03c9 \u03c3\u03c4\u03bf \u03c3\u03c7\u03b5\u03b4\u03b9\u03b1\u03c3\u03bc\u03cc \u03ba\u03b1\u03b9 \u03c4\u03bf \u03c0\u03b5\u03c1\u03b9\u03b5\u03c7\u03cc\u03bc\u03b5\u03bd\u03bf \u03c4\u03b7\u03c2 \u03b5\u03c5\u03c1\u03c9\u03c0\u03b1\u03ca\u03ba\u03ae\u03c2 \u03bd\u03bf\u03bc\u03bf\u03b8\u03b5\u03c3\u03af\u03b1\u03c2 \u03ba\u03b1\u03b9 \u03c4\u03c9\u03bd \u03c0\u03bf\u03bb\u03b9\u03c4\u03b9\u03ba\u03ce\u03bd \u03c4\u03b7\u03c2 \u0395\u0395.<\/p>\n<p>\u0393\u03b9\u03b1 \u03bd\u03b1 \u03ba\u03b1\u03c4\u03b1\u03bd\u03bf\u03ae\u03c3\u03bf\u03c5\u03bc\u03b5 \u03bb\u03bf\u03b9\u03c0\u03cc\u03bd \u03ba\u03b1\u03bb\u03cd\u03c4\u03b5\u03c1\u03b1 \u03c4\u03bf \u03c0\u03bb\u03b1\u03af\u03c3\u03b9\u03bf \u03c4\u03b7\u03c2 \u03c3\u03c7\u03ad\u03c3\u03b7\u03c2 \u03b5\u03c1\u03b3\u03b1\u03c3\u03af\u03b1\u03c2 \u03b1\u03bd\u03ac\u03bc\u03b5\u03c3\u03b1 \u03c4\u03bf\u03c5\u03c2 \u03c5\u03c0\u03b1\u03bb\u03bb\u03ae\u03bb\u03bf\u03c5\u03c2 \u03ba\u03b1\u03b9 \u03b1\u03be\u03b9\u03c9\u03bc\u03b1\u03c4\u03bf\u03cd\u03c7\u03bf\u03c5\u03c2 \u03c4\u03b7\u03c2 \u0395\u0395 \u03ba\u03b1\u03b9 \u03c3\u03c4\u03bf\u03c5\u03c2 \u03b5\u03ba\u03c0\u03c1\u03bf\u03c3\u03ce\u03c0\u03bf\u03c5\u03c2 \u03c3\u03c5\u03bc\u03c6\u03b5\u03c1\u03cc\u03bd\u03c4\u03c9\u03bd \u03b5\u03af\u03bd\u03b1\u03b9 \u03c0\u03b9\u03bf \u03b5\u03cd\u03c3\u03c4\u03bf\u03c7\u03bf \u03bd\u03b1 \u03c0\u03bf\u03cd\u03bc\u03b5 \u03cc\u03c4\u03b9 \u03b3\u03b9\u03b1 \u03ba\u03ac\u03b8\u03b5 \u03ad\u03bd\u03b1 \u03c3\u03c4\u03ad\u03bb\u03b5\u03c7\u03bf\u03c2 \u03ae \u03b1\u03be\u03b9\u03c9\u03bc\u03b1\u03c4\u03bf\u03cd\u03c7\u03bf \u03c4\u03b7\u03c2 \u0395\u0395 \u03c0\u03bf\u03c5 \u03b4\u03bf\u03c5\u03bb\u03b5\u03cd\u03b5\u03b9 \u03c0\u03ac\u03bd\u03c9 \u03c3\u03c4\u03bf \u03c0\u03b5\u03c1\u03b9\u03b5\u03c7\u03cc\u03bc\u03b5\u03bd\u03bf \u03c4\u03b7\u03c2 \u03bd\u03bf\u03bc\u03bf\u03b8\u03b5\u03c3\u03af\u03b1\u03c2 \u03c4\u03c9\u03bd \u03c0\u03bf\u03bb\u03b9\u03c4\u03b9\u03ba\u03ce\u03bd \u03c5\u03c0\u03ac\u03c1\u03c7\u03b5\u03b9 \u03ad\u03bd\u03b1\u03c2 \u03bb\u03bf\u03bc\u03c0\u03af\u03c3\u03c4\u03b1\u03c2. \u03a3\u03c4\u03b7\u03bd \u03c0\u03c1\u03b1\u03b3\u03bc\u03b1\u03c4\u03b9\u03ba\u03cc\u03c4\u03b7\u03c4\u03b1 \u03b5\u03af\u03bc\u03b1\u03c3\u03c4\u03b5 \u03c0\u03b9\u03bf \u03ba\u03bf\u03bd\u03c4\u03ac \u03bc\u03b9\u03b1 \u03c3\u03c7\u03ad\u03c3\u03b7 1:1 \u03c0\u03b1\u03c1\u03ac \u03c3\u03b5 \u03bc\u03b9\u03b1 \u03c3\u03c7\u03ad\u03c3\u03b7 1:2.<\/p>\n<p>\u03a3\u03b5 \u03ba\u03ac\u03b8\u03b5 \u03c0\u03b5\u03c1\u03af\u03c0\u03c4\u03c9\u03c3\u03b7, \u03bf\u03b9 \u03ba\u03bf\u03b9\u03bd\u03c9\u03bd\u03b9\u03ba\u03bf\u03af \u03b5\u03c0\u03b9\u03c3\u03c4\u03ae\u03bc\u03bf\u03bd\u03b5\u03c2 \u03c0\u03bf\u03c5 \u03ba\u03b1\u03c4\u03b1\u03c0\u03b9\u03ac\u03bd\u03bf\u03bd\u03c4\u03b1\u03b9 \u03bc\u03b5 \u03c4\u03bf \u03b6\u03ae\u03c4\u03b7\u03bc\u03b1 \u03c4\u03b7\u03c2 \u03b5\u03ba\u03c0\u03c1\u03bf\u03c3\u03ce\u03c0\u03b7\u03c3\u03b7\u03c2 \u03c3\u03c5\u03bc\u03c6\u03b5\u03c1\u03cc\u03bd\u03c4\u03c9\u03bd \u03c3\u03c4\u03b7\u03bd \u0395\u0395 \u03c0\u03c1\u03ad\u03c0\u03b5\u03b9 \u03bd\u03b1 \u03ad\u03c7\u03bf\u03c5\u03bd \u03c3\u03c5\u03bd\u03b5\u03af\u03b4\u03b7\u03c3\u03b7 \u03b1\u03c5\u03c4\u03ce\u03bd \u03c4\u03c9\u03bd \u03bc\u03b5\u03b8\u03bf\u03bb\u03bf\u03b3\u03b9\u03ba\u03ce\u03bd \u03c0\u03c1\u03bf\u03b2\u03bb\u03b7\u03bc\u03ac\u03c4\u03c9\u03bd \u03ba\u03b1\u03b9 \u03c0\u03c1\u03bf\u03ba\u03bb\u03ae\u03c3\u03b5\u03c9\u03bd<a href=\"#_ftn3\" name=\"_ftnref3\"><span>[3]<\/span><\/a>.<\/p>\n<p>&nbsp;<\/p>\n<p><a href=\"#_ftnref1\" name=\"_ftn1\"><span>[1]<\/span><\/a> H\u00e9l\u00e8ne Michel, \u00abBusinesseurope au-del\u00e0 du \u00ablobbying\u00bb\u202f: le travail d\u2019int\u00e9gration europ\u00e9enne d\u2019une organisation patronale\u00bb, Critique internationale 59 (2), 2013, 133\u201155.<\/p>\n<p><a href=\"#_ftnref2\" name=\"_ftn2\"><span>[2]<\/span><\/a> \u039f\u03b9 \u03ba\u03b1\u03c4\u03b7\u03b3\u03bf\u03c1\u03af\u03b5\u03c2 Senior Manager, Middle Manager, Official AD, Temporary Staff AD \u03ba\u03b1\u03b9 Special Advisers \u03c3\u03c4\u03b1 European Commission HR Key Figures 2023 <a href=\"https:\/\/commission.europa.eu\/document\/download\/04118600-5b22-4b63-83e4-bdf74a6be3fe_en?filename=HR-Key-Figures-2023-fr_en.pdf\" target=\"_blank\" rel=\"noopener\">https:\/\/commission.europa.eu\/document\/download\/04118600-5b22-4b63-83e4-bdf74a6be3fe_en?filename=HR-Key-Figures-2023-fr_en.pdf<\/a><\/p>\n<p><a href=\"#_ftnref3\" name=\"_ftn3\"><span>[3]<\/span><\/a> \u03a3\u03c7\u03b5\u03c4\u03b9\u03ba\u03ac \u03bc\u03b5 \u03b1\u03c5\u03c4\u03ac\u00a0: C\u00e9cile Robert, \u00ab Les conditions sociales de \u2018l\u2019influence\u2019. Les enseignements d\u2019une sociologie des repr\u00e9sentants d\u2019int\u00e9r\u00eat \u00e0 l\u2019\u00e9chelle europ\u00e9enne \u00bb in \u00ab EU Affairs \u2013 Soci\u03bflogie des lobbyistes europ\u00e9ens \u00bb, Petar Lang, 2022<\/p>\n<p>[\/et_pb_text][\/et_pb_column][\/et_pb_row][\/et_pb_section]<\/p>\n","protected":false},"excerpt":{"rendered":"<p>H \u03c0\u03bf\u03bb\u03b9\u03c4\u03b9\u03ba\u03ae \u03ba\u03bf\u03b9\u03bd\u03c9\u03bd\u03b9\u03bf\u03bb\u03cc\u03b3\u03bf\u03c2 H\u00e9l\u00e8ne Michel \u03ad\u03c7\u03b5\u03b9 \u03c7\u03b1\u03c1\u03b1\u03ba\u03c4\u03b7\u03c1\u03af\u03c3\u03b5\u03b9 \u03c4\u03bf\u03c5\u03c2 \u03b5\u03ba\u03c0\u03c1\u03bf\u03c3\u03ce\u03c0\u03bf\u03c5\u03c2 \u03c3\u03c5\u03bc\u03c6\u03b5\u03c1\u03cc\u03bd\u03c4\u03c9\u03bd \u03c9\u03c2 \u03b5\u03c0\u03b9\u03ba\u03bf\u03c5\u03c1\u03b9\u03ba\u03cc \u03c0\u03c1\u03bf\u03c3\u03c9\u03c0\u03b9\u03ba\u03cc \u03c4\u03c9\u03bd \u03b5\u03c5\u03c1\u03c9\u03c0\u03b1\u03ca\u03ba\u03ce\u03bd \u03b8\u03b5\u03c3\u03bc\u03ce\u03bd (\u00abauxiliaires de l&#8217;Europe politique\u00bb).[1] \u039f \u03ba\u03b5\u03bd\u03c4\u03c1\u03b9\u03ba\u03cc\u03c2 \u03c1\u03cc\u03bb\u03bf\u03c2 \u03c0\u03bf\u03c5 \u03ba\u03b1\u03c4\u03b1\u03bb\u03b1\u03bc\u03b2\u03ac\u03bd\u03bf\u03c5\u03bd \u03bf\u03b9 \u03b4\u03b9\u03b1\u03b2\u03bf\u03c5\u03bb\u03b5\u03cd\u03c3\u03b5\u03b9\u03c2 \u03c3\u03c4\u03b7 \u03b4\u03b9\u03b1\u03b4\u03b9\u03ba\u03b1\u03c3\u03af\u03b1 \u03c3\u03cd\u03bd\u03c4\u03b1\u03be\u03b7\u03c2 \u03ba\u03b1\u03b9 \u03b4\u03b9\u03b1\u03c0\u03c1\u03b1\u03b3\u03bc\u03ac\u03c4\u03b5\u03c5\u03c3\u03b7\u03c2 \u03c4\u03b7\u03c2 \u03b5\u03c5\u03c1\u03c9\u03c0\u03b1\u03ca\u03ba\u03ae\u03c2 \u03bd\u03bf\u03bc\u03bf\u03b8\u03b5\u03c3\u03af\u03b1\u03c2 \u03ba\u03ac\u03bd\u03b5\u03b9 \u03b4\u03cd\u03c3\u03ba\u03bf\u03bb\u03bf \u03bd\u03b1 \u03c6\u03b1\u03bd\u03c4\u03b1\u03c3\u03c4\u03b5\u03af \u03ba\u03b1\u03bd\u03b5\u03af\u03c2 \u03c4\u03b7 \u03bb\u03b5\u03b9\u03c4\u03bf\u03c5\u03c1\u03b3\u03af\u03b1 \u03c4\u03b7\u03c2 \u0395\u0395 \u03c3\u03c4\u03b7\u03bd \u03c0\u03c1\u03ac\u03be\u03b7 \u03c7\u03c9\u03c1\u03af\u03c2 \u03c4\u03bf\u03c5\u03c2 \u03bb\u03bf\u03bc\u03c0\u03af\u03c3\u03c4\u03b5\u03c2. \u039f \u03c0\u03b1\u03c1\u03b1\u03ba\u03ac\u03c4\u03c9 \u03c0\u03af\u03bd\u03b1\u03ba\u03b1\u03c2 \u03bc\u03b1\u03c2 \u03b2\u03bf\u03b7\u03b8\u03ac \u03bd\u03b1 [&hellip;]<\/p>\n","protected":false},"author":1,"featured_media":0,"parent":0,"menu_order":0,"comment_status":"closed","ping_status":"closed","template":"","meta":{"_et_pb_use_builder":"on","_et_pb_old_content":"","_et_gb_content_width":"","footnotes":""},"categories":[],"tags":[],"class_list":["post-394","page","type-page","status-publish","hentry"],"_links":{"self":[{"href":"https:\/\/lobbyingeu.kopenaccess.gr\/index.php\/wp-json\/wp\/v2\/pages\/394","targetHints":{"allow":["GET"]}}],"collection":[{"href":"https:\/\/lobbyingeu.kopenaccess.gr\/index.php\/wp-json\/wp\/v2\/pages"}],"about":[{"href":"https:\/\/lobbyingeu.kopenaccess.gr\/index.php\/wp-json\/wp\/v2\/types\/page"}],"author":[{"embeddable":true,"href":"https:\/\/lobbyingeu.kopenaccess.gr\/index.php\/wp-json\/wp\/v2\/users\/1"}],"replies":[{"embeddable":true,"href":"https:\/\/lobbyingeu.kopenaccess.gr\/index.php\/wp-json\/wp\/v2\/comments?post=394"}],"version-history":[{"count":5,"href":"https:\/\/lobbyingeu.kopenaccess.gr\/index.php\/wp-json\/wp\/v2\/pages\/394\/revisions"}],"predecessor-version":[{"id":898,"href":"https:\/\/lobbyingeu.kopenaccess.gr\/index.php\/wp-json\/wp\/v2\/pages\/394\/revisions\/898"}],"wp:attachment":[{"href":"https:\/\/lobbyingeu.kopenaccess.gr\/index.php\/wp-json\/wp\/v2\/media?parent=394"}],"wp:term":[{"taxonomy":"category","embeddable":true,"href":"https:\/\/lobbyingeu.kopenaccess.gr\/index.php\/wp-json\/wp\/v2\/categories?post=394"},{"taxonomy":"post_tag","embeddable":true,"href":"https:\/\/lobbyingeu.kopenaccess.gr\/index.php\/wp-json\/wp\/v2\/tags?post=394"}],"curies":[{"name":"wp","href":"https:\/\/api.w.org\/{rel}","templated":true}]}}